{"id":155,"date":"2018-01-03T17:17:02","date_gmt":"2018-01-03T16:17:02","guid":{"rendered":"http:\/\/sames-art.de\/?page_id=155"},"modified":"2020-08-27T15:30:16","modified_gmt":"2020-08-27T14:30:16","slug":"woher-stammt-die-bezeichnung-marmorata","status":"publish","type":"page","link":"https:\/\/sames-art.de\/?page_id=155","title":{"rendered":"Woher stammt die Bezeichnung &#8222;marmorata&#8220;"},"content":{"rendered":"<p><u>Woher stammt eigentlich die Bezeichnung \u201e<em><i>marmorata<\/i><\/em>\u201c?<\/u><\/p>\n<p>Urspr\u00fcnglich ist die Bezeichnung \u201e<em><i>marmorata<\/i><\/em>\u201c auf zwei Begrifflichkeiten zur\u00fcckzuf\u00fchren. Die Herkunft der Bezeichnung kann sowohl auf \u201eMarmor\u201c als auch auf \u201edie <em><i>Marmorata<\/i><\/em>\u201c zur\u00fcckgef\u00fchrt werden.<\/p>\n<p>Allgemein bekannt ist Marmorgestein sowie die daraus abgeleitete Eigenschaft des \u201eMarmorierens\u201c.<\/p>\n<p>Das daraus \u201eneu und ewig neu Entstehende\u201c bringt sich in die <em><i>aqua-marmorata-art<\/i><\/em> mit ein und verweist gleichzeitig auf die Metamorphose der Dinge.<\/p>\n<p>Wesentlich unbekannter ist jedoch der gleichnamige, marmorierte Fisch namens \u201eMarmorata\u201c. Die sog. Socaforelle findet sich nur in den Gew\u00e4ssern des Isonzo, einer unber\u00fchrten Flusslandschaft in den Julischen Alpen wieder. Abseits und durch Wasserf\u00e4lle gesch\u00fctzt, \u00fcberlebte dort verborgen im Altwasser die einzigartige \u201eMarmorata\u201c als die wohl sch\u00f6nste und seltenste Forelle Europas. Farben und Wasser. Aus der Verbindung entwickelte sich so die Bezeichnung: <em><i>aqua marmorata<\/i><\/em>.<\/p>\n<p>Parallel zur Namensgebung der Marmorata hat A.M.S. zwischenzeitlich auch noch ein weiteres Pendant zum zwischen smaragd und aquamarin changierenden Socaflu\u00df innerhalb der <em><i>aqua-marmorata-art<\/i><\/em> mit seinem sogenannten \u201eBachemblau\u201c geschaffen.<\/p>\n","protected":false},"excerpt":{"rendered":"<p>Woher stammt eigentlich die Bezeichnung \u201emarmorata\u201c? Urspr\u00fcnglich ist die Bezeichnung \u201emarmorata\u201c auf zwei Begrifflichkeiten zur\u00fcckzuf\u00fchren. Die Herkunft der Bezeichnung kann sowohl auf \u201eMarmor\u201c als auch auf \u201edie Marmorata\u201c zur\u00fcckgef\u00fchrt werden. Allgemein bekannt ist Marmorgestein sowie die daraus abgeleitete Eigenschaft des \u201eMarmorierens\u201c. Das daraus \u201eneu und ewig neu Entstehende\u201c bringt sich in die aqua-marmorata-art mit ein &hellip; <\/p>\n<p class=\"link-more\"><a href=\"https:\/\/sames-art.de\/?page_id=155\" class=\"more-link\"><span class=\"screen-reader-text\">\u201eWoher stammt die Bezeichnung &#8222;marmorata&#8220;\u201c <\/span>weiterlesen<\/a><\/p>\n","protected":false},"author":1,"featured_media":166,"parent":134,"menu_order":0,"comment_status":"closed","ping_status":"closed","template":"","meta":{"footnotes":""},"class_list":["post-155","page","type-page","status-publish","has-post-thumbnail","hentry"],"_links":{"self":[{"href":"https:\/\/sames-art.de\/index.php?rest_route=\/wp\/v2\/pages\/155","targetHints":{"allow":["GET"]}}],"collection":[{"href":"https:\/\/sames-art.de\/index.php?rest_route=\/wp\/v2\/pages"}],"about":[{"href":"https:\/\/sames-art.de\/index.php?rest_route=\/wp\/v2\/types\/page"}],"author":[{"embeddable":true,"href":"https:\/\/sames-art.de\/index.php?rest_route=\/wp\/v2\/users\/1"}],"replies":[{"embeddable":true,"href":"https:\/\/sames-art.de\/index.php?rest_route=%2Fwp%2Fv2%2Fcomments&post=155"}],"version-history":[{"count":1,"href":"https:\/\/sames-art.de\/index.php?rest_route=\/wp\/v2\/pages\/155\/revisions"}],"predecessor-version":[{"id":156,"href":"https:\/\/sames-art.de\/index.php?rest_route=\/wp\/v2\/pages\/155\/revisions\/156"}],"up":[{"embeddable":true,"href":"https:\/\/sames-art.de\/index.php?rest_route=\/wp\/v2\/pages\/134"}],"wp:featuredmedia":[{"embeddable":true,"href":"https:\/\/sames-art.de\/index.php?rest_route=\/wp\/v2\/media\/166"}],"wp:attachment":[{"href":"https:\/\/sames-art.de\/index.php?rest_route=%2Fwp%2Fv2%2Fmedia&parent=155"}],"curies":[{"name":"wp","href":"https:\/\/api.w.org\/{rel}","templated":true}]}}